 m - 1. Let g be 4/(-14) + (-5908)/(-98). Let c be g/50*10/2. Determine s(c).
5
Let r(y) = -23*y + 15*y + y**2 + 6 + 5*y + 12*y. Determine r(-7).
-8
Let n(c) = c**2 + c + 3. Let m be n(0). Let f(j) = j**2 - 4*j. Let v be f(4). Let i = v + m. Let h(a) = a**3 - 3*a**2 + a + 1. Calculate h(i).
4
Suppose 0 = 3*y - 0*d - 2*d - 9, -6 = 2*d. Let k(x) = x + y + 1 - 2*x**2 + x**3 - 2*x**2. Give k(3).
-4
Let u = -31 - -31. Let b(x) be the second derivative of 0*x**2 + 1/6*x**3 - 1/20*x**5 + u + 1/12*x**4 + x. Determine b(0).
0
Let x(s) be the second derivative of s**4/12 + 2*s**3 + 4*s**2 - 14*s - 1. Calculate x(-11).
-3
Let q = 9 + -16. Let c(s) = s**3 + 7*s**2 + 6. Let z be c(q). Let y(m) = m - 5. Give y(z).
1
Let i(x) = 5*x**2 - 5*x**2 + 7*x**2 - x**2. Determine i(-2).
24
Let f(s) be the first derivative of -s**3/3 - 2*s - 39. What is f(4)?
-18
Suppose 2*s - 6 = -b + 3*b, -b - 3 = 4*s. Let j(o) = o**2 - o + 5. Determine j(s).
5
Let p(g) = -g + 2. Let i be p(-5). Let f = -6 + i. Let b(u) = -6*u**3 + 2*u**2 - 1. What is b(f)?
-5
Let q(z) = z**3 - 5*z**2 - 8*z + 7. Let y be q(6). Let w(n) be the third derivative of -n**5/60 - n**4/6 + n**3 + 5*n**2. What is w(y)?
1
Let u(a) be the second derivative of -a**3/6 + 4*a**2 + 4*a. Suppose -o = 3*z - 14, -o - 16 = 3*o. Calculate u(z).
2
Let z(d) be the second derivative of d**3/6 - d**2/2 - 8*d. Calculate z(-1).
-2
Let l(y) = 8 - 11 - 8*y + 0. What is l(-2)?
13
Let c(y) = -5*y**2 - y - 1. Let p(h) = 2*h + 10. Let m be p(-4). Calculate c(m).
-23
Suppose 8*f - 9*f = -12. Let x = 17 - f. Let c(r) = r**3 - 6*r**2 + 5*r - 1. Calculate c(x).
-1
Let j(r) = -r + 2. Let q be j(-2). Let m(z) = -2*z - 2. Let w(u) = 0 - 2*u - 6 - 3*u. Let c(x) = 11*m(x) - 4*w(x). Give c(q).
-6
Let r(v) = v**3 + 7*v**2 + 3*v - 2. Let l be (-78)/14 - (-6)/(-14). Determine r(l).
16
Let l(y) = 7 - y - 7. Let b be (-5 - -4)*(-5)/(20/(-24)). Give l(b).
6
Let h(i) be the third derivative of -i**4/4 - 17*i**2. Suppose 2*s + 3*s - 5 = 0. Calculate h(s).
-6
Let i(h) = 3*h + 3. Suppose 3*x - 5*j - 11 = 19, 3*x - 27 = 4*j. Suppose -q = x*n + 5, 2*n = 4*q + 3 - 5. Let l be 3*(q - (-6)/(-9)). Calculate i(l).
-3
Suppose 5*s + 2*x = -10, 3*x + 20 = 3*s - x. Let m(u) = -u**2 + u + 2. Let j be m(s). Let b(r) = 6*r + 5 - r**j + 0 - 2. What is b(5)?
8
Let q be (-1)/((-33)/(-15) + -2). Let j(p) = -p**2 - 7*p - 3. Give j(q).
7
Let x(q) = -12*q + 3*q + 0 + 0. Calculate x(1).
-9
Let q(v) = -v**3 + v**2 - v - 2. Let w = 12 - 19. Let u = -7 - w. What is q(u)?
-2
Let k be (-15)/(-20) + 34/8. Let v(z) = -4*z**2 + 5 + k*z + z**3 - 8 - 3*z**2 - 1. What is v(6)?
-10
Suppose 2*l - 55 = -3*l + 5*c, 27 = l - 5*c. Let a(p) = 3*p**3 - 2*p + 24. Let r(m) = -4*m**3 + 3*m - 36. Let u(y) = l*a(y) + 5*r(y). Calculate u(0).
-12
Let h(m) = -3 - m + 39*m**2 - 75*m**2 + 37*m**2 + 11*m. Determine h(-5).
-28
Let x(y) be the first derivative of y**2/2 + 6*y - 13. Let m be 1/2 + 3/2. Suppose -m*l = 2*l + 12. Determine x(l).
3
Let h = 63 + -42. Let w = h - 19. Let k(p) = -p**2 - p - 1. Calculate k(w).
-7
Let a(f) = f**3 + 6*f**2 + 7*f + 4. Let b be a(-4). Suppose 0*z + 4*n - 8 = 4*z, 5*n = -3*z + 34. Let s(x) = 3 - x**2 - 1 - b*x + z*x. Calculate s(-4).
6
Let k(m) = 6 - 13*m + 2*m - 13 - 5 - m**2. Give k(-9).
6
Let q(d) be the second derivative of -d**5/60 + d**4/24 - d**3/6 + 3*d**2/2 + 6*d. Let v(o) be the first derivative of q(o). Give v(2).
-3
Let j(q) = -q**2. Suppose -4*h + 54 = -46. Suppose 5*m + 2*z + 10 = -0*z, -4*m = 5*z + h. Suppose m = -3*x - i, 0 = -2*i + 2 + 4. Calculate j(x).
-1
Let n = 12 - 7. Let k(m) = -1 + 1 - n*m**2 + 4*m**2. Let s be k(0). Let x(a) = -a**3 + a - 1. Calculate x(s).
-1
Let c(f) = -f + 1. Let n(l) = 19*l - 3 - 22*l + 0*l**2 - 2*l**2 + 3*l**2. Let o(s) = -2*c(s) - n(s). Calculate o(4).
5
Let w(z) = -2*z + 6. Suppose 0 = 2*h - s + 4*s - 9, 11 = h - 5*s. Let j be h/(-5)*-5 + 0. Determine w(j).
-6
Let w be (2/(-1) - -1)*-1. Let o(a) = -5*a + 1. Let z(j) = j. Let c(m) = w*o(m) + 4*z(m). Calculate c(-2).
3
Let u(m) = m**3 + 0*m + m - 7 + 2*m**2 - m**2. Let o = -4 + -2. Let f = o - -6. Calculate u(f).
-7
Suppose 0 = m + 5*n + 41 - 20, 25 = -5*n. Let b(w) be the first derivative of -w**2/2 + 4*w - 1. Calculate b(m).
0
Let n(d) = -2*d**2 - 5. Let i(l) = -l**2 - 4. Let v(w) = -3*i(w) + 2*n(w). Let r = -43 + 45. What is v(r)?
-2
Let a(m) = m**3 + m**2 - m + 7. Let t(q) = -q + 1. Let k be t(-4). Suppose -5*b - 10 = -k*f, 6*b + 4*f = 3*b + 8. Calculate a(b).
7
Let u(j) be the third derivative of -j**2 + 1/24*j**4 + 0*j + 0 - 3/2*j**3. Determine u(0).
-9
Let z(o) be the first derivative of -o**3/3 - 3*o**2/2 + 2*o + 2. Let p(r) = -r**3 - 4*r**2 - 5*r - 10. Let i be p(-3). Calculate z(i).
-2
Let d = 189 - 185. Let b(t) = -13*t + 11. Let i(z) = -7*z + 6. Let s(p) = -6*b(p) + 11*i(p). Determine s(d).
4
Let w(v) = -v - 1. Let q be (0 - 0)/((-6)/(-2)). Suppose 3*u + 2*b - 2 = -1, -5*u - 4*b - 1 = q. Determine w(u).
-4
Let q(u) = -u**3 + 6*u**2 - 6. Let a be q(6). Let x = -4 - a. Let h(o) = 7 - 7 - o + x*o**2. Give h(-1).
3
Let n(q) = q**2 + 8*q + 4. Suppose l = 2*l - 420. Let f be l/(-98) - 2/(-7). Determine n(f).
-12
Let y be (0 - (-1 - 1))*(34 + -32). Let f(v) = v**3 - 5*v**2 + 6*v. Determine f(y).
8
Suppose 0 = -5*q - 10, -3*d + 2*q + 12 + 1 = 0. Let r(c) = c**2 - 1. Let k(z) = z**2 - 2. Let h(n) = d*r(n) - 2*k(n). Calculate h(0).
1
Let s(t) = 2*t - 2*t**2 - 2 - 2*t**2 + 2 + 2. Determine s(2).
-10
Let z = -7 - -11. Suppose z*i + 4 = 20. Let k(a) be the third derivative of a**4/24 - a**3/6 - 2*a**2. Determine k(i).
3
Let x = -12 + 12. Let o(s) be the first derivative of -s**2/2 + s + 2. Give o(x).
1
Let b(u) = -10*u**3 - 1. Let z = 7 + -5. Let c = -2 - -3. Suppose p = z*p - c. What is b(p)?
-11
Let b(j) = j - 6. Let c(y) be the third derivative of -y**5/60 + 11*y**4/24 + 17*y**3/6 + 4*y**2. Let m be c(12). Calculate b(m).
-1
Let v(x) = -x**2 + 6*x + 5. Let s be v(7). Suppose 4*r = 4*u + 12, 0 = 3*u - 0*u + 5*r - 23. Let m = u - s. Let a(h) = -h - 3. What is a(m)?
-6
Let p = 163 + -161. Let n(a) = 17*a - 2. Calculate n(p).
32
Let c(r) = r**3 + 3*r**2 + 2. Let j(x) = -2*x**3 - 4*x**2 + x - 3. Let o(k) = -3*c(k) - 2*j(k). Give o(2).
0
Let v(a) = -a**3 + 10*a**2 - 5*a + 5. Let k(y) = y**3 - 9*y**2 + 3*y - 5. Let u(m) = -5*k(m) - 4*v(m). Calculate u(6).
-1
Let v be (-7)/9 - 4/18. Let k(f) = 7*f + 3*f - 4*f - 2*f. Give k(v).
-4
Let h(y) be the third derivative of -y**5/60 - y**4/3 - 4*y**3/3 - 2*y**2. What is h(-8)?
-8
Let r(p) = 5 + 247*p - 240*p + 7*p**2 + 2*p**3 - p**3. Let w be 132/(-21) + (-4)/(-14). What is r(w)?
-1
Let u(m) = 4*m + 6. Let b(n) = -3*n - 5. Let v(j) = 3*b(j) + 2*u(j). Give v(-3).
0
Suppose -i - 3*i = 0. Suppose 0 = -3*f + 4*n - 8, 0 = -f + 2*f + 4*n - 24. Let d(l) = 3 - 2*l**2 + f + l**2 + 1. What is d(i)?
8
Suppose -2*a - 3*j + 31 = 0, 10 = -a - j + 26. Let s = -12 + a. Suppose -s*v + 3*v = -10. Let h(c) = -c**2 + 3*c + 4. Determine h(v).
-6
Let d(s) = -s**2 - 1. Let w = -11 - -13. What is d(w)?
-5
Let w(a) be the third derivative of -a**5/60 - 3*a**3/2 - 15*a**2. What is w(0)?
-9
Let b(q) = q**2 - 2. Let j be b(0). Let l(w) = 4*w**2 + 3*w + 2. Give l(j).
12
Let m(z) = -15*z + 10*z + 4*z + 1. Calculate m(-4).
5
Let b(m) = -m + 1. Let u(n) = 3*n - 7. Let r(g) = 4*b(g) + u(g). Determine r(-5).
2
Let z = 19 + -29. Let x = -4 - z. Let u(g) be the second derivative of -g**3/6 + 6*g**2 - g. Calculate u(x).
6
Let w = -5 - -7. Let d(z) = 3*z**2 - z + 1. Let j(k) = -6*k**2 + 2*k - 3. Let v(p) = 5*d(p) + 2*j(p). Give v(w).
9
Let i(x) = 3*x**3 - 2*x**2 - x. Let l(u) = u. Let m be l(-1). Calculate i(m).
-4
Let k(t) be the second derivative of t**4/24 + t**3/2 - 3*t**2/2 - t. Let h(l) be the first derivative of k(l). Suppose -11 = 4*o + 5. Calculate h(o).
-1
Let h(j) = j**2 - j + 1. Let m = -4 - 2. Let q = m - -8. Calculate h(q).
3
Let z(g) = 10*g. Let h(o) = 4*o. Let w(t) = 12*h(t) - 5*z(t). Let j be 4/4*(-6)/(-6) - -2. Calculate w(j).
-6
Let u(s) = s**2 - 6*s + 6. Suppose 5*h = -21 + 46. Let f be u(h). Let a(b) = -b. Give a(f).
-1
Let a(p) = -p**3 - 11*p**2 - p - 7. Let l be a(-11). Let v(b) = -20*b + 32. Let m(j) = -7*j + 11. Let r(t) = 17*m(t) - 6*v(t). Determine r(l).
-1
Let g(w) = -3*w - 1. Let x(t) = 3*t + 2. Let l(c) = 3*g(c) + 2*x(c). What is l(-4)?
13